{"id":9,"date":"2024-07-29T10:39:23","date_gmt":"2024-07-29T10:39:23","guid":{"rendered":"https:\/\/apfeltrester-roding.de\/shop\/impressum\/"},"modified":"2024-09-26T09:41:43","modified_gmt":"2024-09-26T07:41:43","slug":"impressum","status":"publish","type":"page","link":"https:\/\/apfeltrester-roding.de\/shop\/impressum\/","title":{"rendered":"Impressum"},"content":{"rendered":"<div class=\"wpb-content-wrapper\">[vc_row css=&#8220;.vc_custom_1727336500640{padding-bottom: 2vh !important;}&#8220;][vc_column][vc_custom_heading text=&#8220;Impressum&#8220; font_container=&#8220;tag:h1|text_align:left|color:%23368e23&#8243; use_theme_fonts=&#8220;yes&#8220; css=&#8220;&#8220;][vc_column_text css=&#8220;.vc_custom_1724154055609{padding-bottom: 10px !important;}&#8220;]<strong>Inhaltliche Verantwortung<\/strong><\/p>\n<p>Apfeltrester Roding<br \/>\nInhaber: Dipl.-Ing. Alexander Preis<br \/>\nJohann-Vaillant-Str. 5, 93426 Roding<br \/>\nTel. 0171 \/ 60 68 002<br \/>\ninfo(at)apfeltrester-roding.de<br \/>\nSteuer-Nr.: 211 \/ 259 \/ 42188[\/vc_column_text][vc_column_text css=&#8220;.vc_custom_1724154062564{padding-bottom: 10px !important;}&#8220;]<strong>Copyright<\/strong><\/p>\n<p>Apfeltrester Roding stellt auf dieser Webpr\u00e4senz Informationen zur Verf\u00fcgung. F\u00fcr die Vollst\u00e4ndigkeit und Richtigkeit der dargestellten Inhalte wird keine Gew\u00e4hr \u00fcbernommen, auch wenn diese mit bestem Wissen und Gewissen gepr\u00fcft wurden. Sollten irgendwelche Rechte Dritter (Urheberrechte, Copyright o.\u00e4.) unwissentlich verletzt worden sein, so bitten wir um eine kurze Mitteilung, um den Sachverhalt z\u00fcgig, im positiven Sinne bereinigen zu k\u00f6nnen.[\/vc_column_text][vc_column_text css=&#8220;.vc_custom_1724154102564{padding-bottom: 10px !important;}&#8220;]<strong>Haftungsausschluss<\/strong><\/p>\n<p>Mit Urteil vom 12. Mai 1998 312 O 85\/98- &#8222;Haftung f\u00fcr Links&#8220; hat das Landgericht Hamburg entschieden, dass man durch die Anbringung eines Links die Inhalte der gelinkten Seite ggf. mit zu verantworten hat. Dies kann &#8211; so das Landgericht &#8211; nur dadurch verhindert werden, dass man sich ausdr\u00fccklich von diesen Inhalten distanziert. Hiermit distanzieren wir uns ausdr\u00fccklich von allen Inhalten aller gelinkten Seiten auf apfeltrester-roding.de. Diese Erk\u00e4rung gilt f\u00fcr alle auf dieser Webseite angebrachten Links und Empfehlungen. Autor und Herausgeber dieser Internetseite ist Apfeltrester Roding, Herr Alexander Preis. Alle Rechte vorbehalten. F\u00fcr R\u00fcckfragen stehen wir Ihnen gerne zur Verf\u00fcgung.[\/vc_column_text][vc_column_text css=&#8220;.vc_custom_1724154094986{padding-bottom: 10px !important;}&#8220;]<strong>Nutzung und Vervielf\u00e4ltigung<\/strong><\/p>\n<p>Jegliche Nutzung und Vervielf\u00e4ltigung der auf diesen Seiten zur Verf\u00fcgung gestellten Texte, Bilder und Grafiken bedarf der ausdr\u00fccklichen Erlaubnis des Autors in Schriftform. Das Urheberrecht des Autors bleibt unber\u00fchrt. Das Nutzungsrecht liegt beim Herausgeber und darf ohne schriftliche Genehmigung nicht an Dritte weitergegeben werden. Alle Texte ohne Autorenangabe unterliegen dem Urheberrecht des Herausgebers. Ebenfalls untersagt ist jegliche Vervielf\u00e4ltigung auf andere elektronische und nicht-elektronische Medien.[\/vc_column_text][vc_column_text css=&#8220;.vc_custom_1724154121076{padding-bottom: 10px !important;}&#8220;]<strong>Externe Links<\/strong><\/p>\n<p>Dieser Internetauftritt enth\u00e4lt Links zu externen Webseiten Dritter, auf deren Inhalte wir keinen Einfluss haben. Deshalb kann f\u00fcr diese fremden Inhalte auch keine Gew\u00e4hr \u00fcbernommen werden. Die Inhalte fremder Seiten, auf die hier verlinkt wird, spiegeln nicht die Meinung des Webseitenbetreibers wider, sondern dienen lediglich der Information und der Darstellung von Zusammenh\u00e4ngen. F\u00fcr die Inhalte der verlinkten Seiten ist stets der jeweilige Anbieter oder Betreiber der Seiten verantwortlich. Die verlinkten Seiten wurden zum Zeitpunkt der Verlinkung auf m\u00f6gliche Rechtsverst\u00f6\u00dfe \u00fcberpr\u00fcft. Zum Zeitpunkt der Verlinkung waren rechtswidrige Inhalte nicht erkennbar. Eine permanente inhaltliche Kontrolle der verlinkten Seiten ist jedoch ohne konkrete Anhaltspunkte einer Rechtsverletzung nicht zumutbar. Bei Bekanntwerden von Rechtsverletzungen werden wir derartige Links umgehend entfernen. Bitte informieren Sie uns, wenn wir auf ein solches Angebot linken sollten. Alle Links wurden bei ihrer Erstellung gepr\u00fcft. Da Links aber dynamisch sind, kann sich der Inhalt auf den verlinkten Webseiten \u00e4ndern. Eine st\u00e4ndige \u00dcberpr\u00fcfung aller Links ist allerdings nicht zumutbar und kann daher keine rechtlichen Handlungen ausl\u00f6sen.[\/vc_column_text][vc_column_text css=&#8220;.vc_custom_1724154136314{padding-bottom: 10px !important;}&#8220;]<strong>Salvatorische Klausel<\/strong><\/p>\n<p>Sollte aus irgendwelchen Gr\u00fcnden eine der vorstehenden Bedingungen ung\u00fcltig sein, so wird die Wirksamkeit der anderen Bestimmungen davon nicht ber\u00fchrt.[\/vc_column_text][\/vc_column][\/vc_row]\n<\/div>","protected":false},"excerpt":{"rendered":"<p>[vc_row css=&#8220;.vc_custom_1727336500640{padding-bottom: 2vh !important;}&#8220;][vc_column][vc_custom_heading text=&#8220;Impressum&#8220; font_container=&#8220;tag:h1|text_align:left|color:%23368e23&#8243; use_theme_fonts=&#8220;yes&#8220; css=&#8220;&#8220;][vc_column_text css=&#8220;.vc_custom_1724154055609{padding-bottom: 10px !important;}&#8220;]Inhaltliche Verantwortung Apfeltrester Roding Inhaber: Dipl.-Ing. Alexander Preis Johann-Vaillant-Str. 5, 93426 Roding Tel. 0171 \/ 60<span class=\"excerpt-hellip\"> [\u2026]<\/span><\/p>\n","protected":false},"author":2,"featured_media":0,"parent":0,"menu_order":13,"comment_status":"closed","ping_status":"closed","template":"","meta":{"footnotes":""},"class_list":["post-9","page","type-page","status-publish","hentry"],"yoast_head":"<!-- This site is optimized with the Yoast SEO plugin v24.4 - https:\/\/yoast.com\/wordpress\/plugins\/seo\/ -->\n<title>Impressum - Apfeltrester Roding Shop<\/title>\n<meta name=\"robots\" content=\"index, follow, max-snippet:-1, max-image-preview:large, max-video-preview:-1\" \/>\n<link rel=\"canonical\" href=\"https:\/\/apfeltrester-roding.de\/shop\/impressum\/\" \/>\n<meta property=\"og:locale\" content=\"de_DE\" \/>\n<meta property=\"og:type\" content=\"article\" \/>\n<meta property=\"og:title\" content=\"Impressum - Apfeltrester Roding Shop\" \/>\n<meta property=\"og:description\" content=\"[vc_row css=&#8220;.vc_custom_1727336500640{padding-bottom: 2vh !important;}&#8220;][vc_column][vc_custom_heading text=&#8220;Impressum&#8220; font_container=&#8220;tag:h1|text_align:left|color:%23368e23&#8243; use_theme_fonts=&#8220;yes&#8220; css=&#8220;&#8220;][vc_column_text css=&#8220;.vc_custom_1724154055609{padding-bottom: 10px !important;}&#8220;]Inhaltliche Verantwortung Apfeltrester Roding Inhaber: Dipl.-Ing. Alexander Preis Johann-Vaillant-Str. 5, 93426 Roding Tel. 0171 \/ 60 [\u2026]\" \/>\n<meta property=\"og:url\" content=\"https:\/\/apfeltrester-roding.de\/shop\/impressum\/\" \/>\n<meta property=\"og:site_name\" content=\"Apfeltrester Roding Shop\" \/>\n<meta property=\"article:modified_time\" content=\"2024-09-26T07:41:43+00:00\" \/>\n<meta name=\"twitter:card\" content=\"summary_large_image\" \/>\n<meta name=\"twitter:label1\" content=\"Gesch\u00e4tzte Lesezeit\" \/>\n\t<meta name=\"twitter:data1\" content=\"3 Minuten\" \/>\n<script type=\"application\/ld+json\" class=\"yoast-schema-graph\">{\"@context\":\"https:\/\/schema.org\",\"@graph\":[{\"@type\":\"WebPage\",\"@id\":\"https:\/\/apfeltrester-roding.de\/shop\/impressum\/\",\"url\":\"https:\/\/apfeltrester-roding.de\/shop\/impressum\/\",\"name\":\"Impressum - Apfeltrester Roding Shop\",\"isPartOf\":{\"@id\":\"https:\/\/apfeltrester-roding.de\/shop\/#website\"},\"datePublished\":\"2024-07-29T10:39:23+00:00\",\"dateModified\":\"2024-09-26T07:41:43+00:00\",\"breadcrumb\":{\"@id\":\"https:\/\/apfeltrester-roding.de\/shop\/impressum\/#breadcrumb\"},\"inLanguage\":\"de-DE\",\"potentialAction\":[{\"@type\":\"ReadAction\",\"target\":[\"https:\/\/apfeltrester-roding.de\/shop\/impressum\/\"]}]},{\"@type\":\"BreadcrumbList\",\"@id\":\"https:\/\/apfeltrester-roding.de\/shop\/impressum\/#breadcrumb\",\"itemListElement\":[{\"@type\":\"ListItem\",\"position\":1,\"name\":\"Startseite\",\"item\":\"https:\/\/apfeltrester-roding.de\/shop\/\"},{\"@type\":\"ListItem\",\"position\":2,\"name\":\"Impressum\"}]},{\"@type\":\"WebSite\",\"@id\":\"https:\/\/apfeltrester-roding.de\/shop\/#website\",\"url\":\"https:\/\/apfeltrester-roding.de\/shop\/\",\"name\":\"Apfeltrester Roding Shop\",\"description\":\"Apfelnasstrester\",\"potentialAction\":[{\"@type\":\"SearchAction\",\"target\":{\"@type\":\"EntryPoint\",\"urlTemplate\":\"https:\/\/apfeltrester-roding.de\/shop\/?s={search_term_string}\"},\"query-input\":{\"@type\":\"PropertyValueSpecification\",\"valueRequired\":true,\"valueName\":\"search_term_string\"}}],\"inLanguage\":\"de-DE\"}]}<\/script>\n<!-- \/ Yoast SEO plugin. -->","yoast_head_json":{"title":"Impressum - Apfeltrester Roding Shop","robots":{"index":"index","follow":"follow","max-snippet":"max-snippet:-1","max-image-preview":"max-image-preview:large","max-video-preview":"max-video-preview:-1"},"canonical":"https:\/\/apfeltrester-roding.de\/shop\/impressum\/","og_locale":"de_DE","og_type":"article","og_title":"Impressum - Apfeltrester Roding Shop","og_description":"[vc_row css=&#8220;.vc_custom_1727336500640{padding-bottom: 2vh !important;}&#8220;][vc_column][vc_custom_heading text=&#8220;Impressum&#8220; font_container=&#8220;tag:h1|text_align:left|color:%23368e23&#8243; use_theme_fonts=&#8220;yes&#8220; css=&#8220;&#8220;][vc_column_text css=&#8220;.vc_custom_1724154055609{padding-bottom: 10px !important;}&#8220;]Inhaltliche Verantwortung Apfeltrester Roding Inhaber: Dipl.-Ing. Alexander Preis Johann-Vaillant-Str. 5, 93426 Roding Tel. 0171 \/ 60 [\u2026]","og_url":"https:\/\/apfeltrester-roding.de\/shop\/impressum\/","og_site_name":"Apfeltrester Roding Shop","article_modified_time":"2024-09-26T07:41:43+00:00","twitter_card":"summary_large_image","twitter_misc":{"Gesch\u00e4tzte Lesezeit":"3 Minuten"},"schema":{"@context":"https:\/\/schema.org","@graph":[{"@type":"WebPage","@id":"https:\/\/apfeltrester-roding.de\/shop\/impressum\/","url":"https:\/\/apfeltrester-roding.de\/shop\/impressum\/","name":"Impressum - Apfeltrester Roding Shop","isPartOf":{"@id":"https:\/\/apfeltrester-roding.de\/shop\/#website"},"datePublished":"2024-07-29T10:39:23+00:00","dateModified":"2024-09-26T07:41:43+00:00","breadcrumb":{"@id":"https:\/\/apfeltrester-roding.de\/shop\/impressum\/#breadcrumb"},"inLanguage":"de-DE","potentialAction":[{"@type":"ReadAction","target":["https:\/\/apfeltrester-roding.de\/shop\/impressum\/"]}]},{"@type":"BreadcrumbList","@id":"https:\/\/apfeltrester-roding.de\/shop\/impressum\/#breadcrumb","itemListElement":[{"@type":"ListItem","position":1,"name":"Startseite","item":"https:\/\/apfeltrester-roding.de\/shop\/"},{"@type":"ListItem","position":2,"name":"Impressum"}]},{"@type":"WebSite","@id":"https:\/\/apfeltrester-roding.de\/shop\/#website","url":"https:\/\/apfeltrester-roding.de\/shop\/","name":"Apfeltrester Roding Shop","description":"Apfelnasstrester","potentialAction":[{"@type":"SearchAction","target":{"@type":"EntryPoint","urlTemplate":"https:\/\/apfeltrester-roding.de\/shop\/?s={search_term_string}"},"query-input":{"@type":"PropertyValueSpecification","valueRequired":true,"valueName":"search_term_string"}}],"inLanguage":"de-DE"}]}},"_links":{"self":[{"href":"https:\/\/apfeltrester-roding.de\/shop\/wp-json\/wp\/v2\/pages\/9"}],"collection":[{"href":"https:\/\/apfeltrester-roding.de\/shop\/wp-json\/wp\/v2\/pages"}],"about":[{"href":"https:\/\/apfeltrester-roding.de\/shop\/wp-json\/wp\/v2\/types\/page"}],"author":[{"embeddable":true,"href":"https:\/\/apfeltrester-roding.de\/shop\/wp-json\/wp\/v2\/users\/2"}],"replies":[{"embeddable":true,"href":"https:\/\/apfeltrester-roding.de\/shop\/wp-json\/wp\/v2\/comments?post=9"}],"version-history":[{"count":6,"href":"https:\/\/apfeltrester-roding.de\/shop\/wp-json\/wp\/v2\/pages\/9\/revisions"}],"predecessor-version":[{"id":465,"href":"https:\/\/apfeltrester-roding.de\/shop\/wp-json\/wp\/v2\/pages\/9\/revisions\/465"}],"wp:attachment":[{"href":"https:\/\/apfeltrester-roding.de\/shop\/wp-json\/wp\/v2\/media?parent=9"}],"curies":[{"name":"wp","href":"https:\/\/api.w.org\/{rel}","templated":true}]}}